7066366?
False
Is 2754 a factor of 1778757082?
False
Does 213 divide 174698979?
True
Is 2987978 a multiple of 4?
False
Is 37065996 a multiple of 6?
True
Is 122 a factor of 372573809?
False
Does 69 divide 36533292?
True
Does 44 divide 49970916?
False
Is 1802 a factor of 32010728?
True
Does 124 divide 8549800?
True
Is 4840185 a multiple of 5?
True
Does 616 divide 125471808?
True
Is 10 a factor of 1676189680?
True
Is 7410843 a multiple of 99?
True
Is 4 a factor of 48934483?
False
Is 78579776 a multiple of 1012?
True
Does 117 divide 259537707?
True
Is 34750164 a multiple of 19?
True
Does 26 divide 205187970?
True
Does 6 divide 1889559902?
False
Is 114376343 a multiple of 13?
False
Is 1308020615 a multiple of 14?
False
Is 2993516 a multiple of 1057?
False
Is 27 a factor of 10274848?
False
Is 5597020213 a multiple of 9252?
False
Is 14192760 a multiple of 35?
False
Is 8252 a factor of 1030963620?
True
Is 1099696 a multiple of 622?
True
Is 125 a factor of 3985875?
True
Is 67642889 a multiple of 370?
False
Does 1051 divide 232032423?
True
Does 434 divide 20942535?
False
Does 293 divide 6371578?
True
Does 316 divide 262876435?
False
Is 13481600 a multiple of 352?
True
Is 163 a factor of 99469301?
False
Is 3900 a factor of 49907704?
False
Does 614 divide 1251801096?
True
Is 98909113 a multiple of 776?
False
Is 444 a factor of 57158872?
False
Does 56 divide 14468683?
False
Is 2967747759 a multiple of 838?
False
Is 188975729 a multiple of 14?
False
Does 2 divide 6615?
False
Does 110 divide 61829533?
False
Does 3667 divide 535382000?
True
Does 66 divide 4152307?
False
Is 5756904 a multiple of 74?
True
Does 27 divide 15062720?
False
Does 107 divide 382130384?
True
Is 582682055 a multiple of 536?
False
Is 121702828 a multiple of 988?
True
Is 1934 a factor of 1781560186?
True
Is 113 a factor of 99630292?
True
Is 310704672 a multiple of 112?
False
Does 35 divide 1360436245?
True
Is 7 a factor of 548190616?
False
Is 2025 a factor of 371941352?
False
Is 11 a factor of 40536815?
True
Is 1605 a factor of 5714801164?
False
Does 5385 divide 61572090?
True
Is 111576 a multiple of 4?
True
Is 417 a factor of 970657830?
False
Is 69 a factor of 125425565?
False
Is 2161076257 a multiple of 8?
False
Is 258880256 a multiple of 1984?
True
Is 557172000 a multiple of 3500?
True
Is 65 a factor of 442437450?
True
Is 141 a factor of 106213436?
False
Is 104679678 a multiple of 4467?
True
Is 23 a factor of 11042946?
False
Is 132626904 a multiple of 17?
False
Is 550738386 a multiple of 1866?
False
Is 100449912 a multiple of 8?
True
Does 103 divide 1676332519?
True
Does 83 divide 47310661?
False
Is 2436 a factor of 81254402?
False
Is 183 a factor of 44499189?
False
Is 39 a factor of 33987336?
False
Does 396 divide 97153452?
True
Is 17 a factor of 926655440?
False
Does 69 divide 90229920?
True
Is 1938 a factor of 677795101?
False
Does 24 divide 126408168?
True
Is 208034542 a multiple of 856?
False
Is 191822170 a multiple of 18?
False
Does 4386 divide 1843795452?
True
Is 4621360 a multiple of 244?
True
Is 823243415 a multiple of 184?
False
Is 63767199 a multiple of 11?
False
Does 75 divide 22342272?
False
Is 526233334 a multiple of 374?
True
Does 439 divide 127666852?
False
Does 1132 divide 195665068?
True
Is 2977 a factor of 804757525?
True
Is 13675966 a multiple of 110?
False
Does 39 divide 9436479?
True
Is 1468 a factor of 140218956?
True
Does 110 divide 5528052200?
True
Is 641208216 a multiple of 2068?
True
Does 104 divide 607336392?
True
Is 83 a factor of 33947498?
True
Does 139 divide 134724221?
True
Does 1335 divide 97312126?
False
Does 462 divide 21346248?
True
Does 2051 divide 37143780?
False
Is 13 a factor of 2924834887?
True
Is 712710299 a multiple of 13?
False
Is 194 a factor of 318638792?
True
Does 1518 divide 49752450?
True
Is 463980963 a multiple of 98?
False
Is 4 a factor of 2449262?
False
Is 179539542 a multiple of 91?
True
Is 1841481500 a multiple of 10?
True
Is 4 a factor of 329868823?
False
Does 137 divide 398301196?
True
Does 36 divide 84200675?
False
Is 155005600 a multiple of 62?
False
Does 174 divide 693361665?
False
Is 53570133 a multiple of 167?
False
Is 13657260 a multiple of 835?
True
Is 1182243208 a multiple of 165?
False
Is 20 a factor of 740843948?
False
Is 74 a factor of 494205004?
True
Does 535 divide 181185240?
True
Is 4 a factor of 29352528?
True
Is 8 a factor of 1041855112?
True
Is 1250 a factor of 2872924?
False
Is 24404755 a multiple of 3?
False
Is 171 a factor of 618385590?
True
Does 49 divide 42945651?
False
Does 222 divide 5299140?
True
Is 602 a factor of 2966440484?
True
Is 5852586 a multiple of 1286?
True
Is 288 a factor of 48481632?
True
Does 87 divide 24606864?
False
Is 14 a factor of 6954198?
False
Is 1370975652 a multiple of 444?
True
Is 140826017 a multiple of 157?
True
Is 5703285 a multiple of 31?
False
Is 745606995 a multiple of 21?
True
Does 35 divide 951308225?
True
Does 19 divide 2424439691?
True
Does 23 divide 5782178?
False
Does 1040 divide 2479005360?
True
Is 1641 a factor of 8282489?
False
Is 76 a factor of 49899205?
False
Is 833912 a multiple of 16?
False
Is 418 a factor of 26940936?
True
Is 22 a factor of 20398466?
True
Does 638 divide 996250507?
False
Does 39 divide 84644976?
True
Is 79144299 a multiple of 17?
True
Is 6 a factor of 37704231?
False
Is 7798064 a multiple of 197?
False
Is 106696714 a multiple of 12?
False
Is 480769469 a multiple of 733?
False
Is 11 a factor of 1919010457?
False
Is 23 a factor of 1229436?
False
Is 275 a factor of 95856475?
True
Is 16 a factor of 1475167008?
True
Is 26 a factor of 60172346?
True
Does 83 divide 136329160?
True
Does 2066 divide 598249572?
False
Does 381 divide 20144994?
True
Is 34 a factor of 168744424?
False
Does 500 divide 421767500?
True
Is 6855282 a multiple of 738?
True
Is 22 a factor of 80355588?
False
Does 96 divide 1669058046?
False
Does 18 divide 50977998?
True
Is 57 a factor of 2478300137?
False
Is 18914643 a multiple of 9388?
False
Is 1376852 a multiple of 6?
False
Is 108 a factor of 85778675?
False
Is 2541 a factor of 123679216?
False
Does 398 divide 71172441?
False
Does 27 divide 59799222?
True
Does 821 divide 41782725?
False
Does 2624 divide 239437376?
True
Is 26359850 a multiple of 550?
True
Is 2103 a factor of 128718321?
True
Is 1769 a factor of 43722604?
True
Is 2128597 a multiple of 193?
True
Is 21 a factor of 2115687?
True
Is 79343613 a multiple of 3?
True
Is 1899772 a multiple of 28?
True
Does 3 divide 373682644?
False
Does 26 divide 156420470?
False
Is 162 a factor of 26278082?
False
Does 598 divide 5191238?
True
Does 157 divide 18404134?
False
Is 12393357 a multiple of 41?
True
Is 10284643 a multiple of 289?
True
Does 304 divide 38540512?
True
Does 700 divide 6525658707?
False
Is 4 a factor of 375692542?
False
Does 2337 divide 587140869?
True
Is 1341 a factor of 1678026834?
False
Does 738 divide 87990264?
True
Is 8 a factor of 12389417?
False
Is 692 a factor of 7406939?
False
Is 273345367 a multiple of 2400?
False
Does 762 divide 62735460?
True
Does 779 divide 37799417?
True
Does 33 divide 31705047?
True
Does 5798 divide 1230264761?
False
Is 5186533 a multiple of 47?
False
Is 1971 a factor of 1403977603?
False
Does 333 divide 21614031?
True
Is 67716881 a multiple of 53?
True
Is 89 a factor of 79740601?
False
Does 18 divide 666344178?
True
Is 35 a factor of 120087100?
True
Is 137635212 a multiple of 26?
True
Does 1134 divide 38681874?
True
Does 1202 divide 319325724?
True
Is 62 a factor of 13471276?
False
Is 824495040 a multiple of 48?
True
Is 616030786 a multiple of 2317?
False
Is 1378398352 a multiple of 41?
True
Is 3913180614 a multiple of 14?
True
Is 2028 a factor of 237140124?
True
Is 22969914 a multiple of 11?
True
Does 8 divide 54067231?
False
Does 1335 divide 50009100?
True
Is 7461 a factor of 271490219?
False
Does 32 divide 6513568?
True
Does 42 divide 568386?
True
Is 16 a factor of 3227905?
False
Is 324 a factor of 55856827?
False
Is 244 a factor of 433196855?
False
Is 303675944 a multiple of 143?
True
Is 252 a factor of 214048670?
False
Is 98 a factor of 286622364?
True
Is 447 a factor of 372605343?
True
Is 5053529 a multiple of 1019?
False
Does 30 divide 151050167?
False
Is 327735438 a multiple of 61?
False
Is 611 a factor of 829862610?
False
Does